0
Suppose 0 = -11*d - 12 + 122. Let k be 2/4 - (-309)/(-2). What is the remainder when d is divided by (k/88)/(1/(-4))?
3
Suppose -4*z = k + 12 - 11, -k + 5*z = -53. Calculate the remainder when 988 is divided by k.
22
Suppose -4*d - 8*n = -12*n - 3784, d + 4*n = 951. Calculate the remainder when d is divided by 158.
157
Let i = -54 - -467. Let j = 460 - i. What is the remainder when 232 is divided by j?
44
Let z be (-1 - 5/(-3))/((-14)/(-4200)). Let b = 223 - z. What is the remainder when 205 is divided by b?
21
Suppose 8*b - 41 = -1. Suppose -b*x + 90 = -s + 3*s, -3*x + 43 = s. Let v = s - 43. Calculate the remainder when 19 is divided by v.
7
Let p be 2/(-8) - 651/(-124). Suppose r - 2 = p*o + 47, 0 = 4*r - 3*o - 111. Calculate the remainder when 45 is divided by r.
21
Let k = -387 + 413. Calculate the remainder when 2235 is divided by k.
25
Let m = -32 - -95. Suppose 5*u + 3*g + 26 = 0, 2*u + 4*g = 4*u + 26. Let s(p) = p**3 + 5*p**2 - 29*p - 94. What is the remainder when m is divided by s(u)?
8
Suppose -55*k - 162 = -57*k. What is the remainder when k is divided by 40?
1
Suppose -2*v + 147 = -v. Let c(y) = 2*y**3 + 69*y**2 + 33*y - 32. Let q be c(-34). Suppose 0 = g + q*g - v. What is the remainder when g is divided by 10?
9
Let f(z) = -4*z**2 - 2*z**2 - 22 + 10*z + 3*z**2 + 4*z**2. Let r be f(-14). Suppose 0 = 39*m - r*m - 25. What is the remainder when 9 is divided by m?
4
Let l be (-2)/4*(-2 + (2 - 4)). Suppose -3*y - l*y = -205. Suppose 0 = -2*o + 89 + 69. Calculate the remainder when o is divided by y.
38
Suppose 2 + 1174 = 14*n. Calculate the remainder when n is divided by 46.
38
Let d(h) = -h + 8. Let x(v) = -v - 15. Let p be x(-7). Let j be (-32)/6 + p/12. Calculate the remainder when 38 is divided by d(j).
10
Let j be (139 + -137)*((-11)/(-2) - 0). Suppose -29*s + 900 = -j*s. Calculate the remainder when 147 is divided by s.
47
Let t(c) = -c**2 + 38*c - 25. Let p be t(30). Let h = -123 + p. Calculate the remainder when h is divided by 31.
30
Let g(a) = -5*a**3 - 4*a**2 - 7*a - 9. Suppose 59 = 6*d - 79. Calculate the remainder when g(-3) is divided by d.
19
Suppose 5*d = -20 + 60. Let i be ((-6)/5)/((-3)/55). Suppose -7*y + 76 = -i. Calculate the remainder when y is divided by d.
6
Let t(g) = -3*g**3 + 2*g**2 + g - 2. Let z(k) = 2*k + 24. Let h be z(-13). Let m be (-27)/(-18) - 11/2 - h. What is the remainder when t(m) is divided by 10?
8
Let f(z) = 2*z**2 + 42*z + 301. What is the remainder when f(-18) is divided by 17?
6
Suppose 19*j + 239 = 8998. Calculate the remainder when j is divided by 39.
32
Suppose -b - 59 = -0*q - q, 5*b = -4*q + 281. Calculate the remainder when 409 is divided by q.
25
Suppose -8*k = 12*k - 1862 - 198. Calculate the remainder when 196 is divided by k.
93
Let i = 1726 + -1711. Let g = 42 + -72. Let u = 11 - g. What is the remainder when u is divided by i?
11
Suppose -2*b + 93 - 631 = -4*v, -v + 159 = 24*b. Calculate the remainder when 1228 is divided by v.
13
Suppose -48 = -3*l + 6. Suppose 0*y + 3*g = -y + l, 0 = -5*y - 3*g + 66. Calculate the remainder when (166/(-5))/(78/(-65))*3 is divided by y.
11
Let o(m) = m**2 + 4*m + 13. Let u be o(-7). Suppose -u*j + 35*j = -44. Let y = j - -94. Calculate the remainder when y is divided by 17.
16
Suppose -159*h - 87 = -188*h. Suppose 0 = a + 3 - 7, -3*s + 22 = a. What is the remainder when h is divided by (4/3)/(4/s)?
1
Let t(i) = -i**3 - 10*i**2 - 28*i - 8. Let g be t(-7). Suppose 36*b - g*b = -400. Calculate the remainder when b is divided by 21.
17
Let w = -38 - -94. Suppose -4*y + 2*r + 142 = 0, 0 = -3*y + y + 4*r + w. What is the remainder when 108 is divided by y?
32
Suppose 3*z - 6*z = -m - 111, -196 = -5*z - 2*m. What is the remainder when 325 is divided by z?
21
Let c(f) = -f**3 + 34*f**2 - 210*f - 3. What is the remainder when c(24) is divided by 53?
28
Suppose 27 = 3*b - 4*f, -79*f = -75*f. What is the remainder when 485 is divided by b?
8
What is the remainder when 150 is divided by (-2)/(-2) + 23 + -13?
7
Suppose -5*u + 2*p - 29 = 0, 4*p - 5*p = 5*u + 23. Calculate the remainder when (-552)/u + 1 + 8/(-20) is divided by 39.
33
Let m = 119 + -98. Suppose 2012 = m*r - 655. What is the remainder when r is divided by 32?
31
Let h(y) = -3*y**3 - 122*y**2 + 164*y + 28. Calculate the remainder when 199 is divided by h(-42).
3
Let t = 196 - 208. Let h(f) = f**2 + 14*f + 33. Calculate the remainder when 39 is divided by h(t).
3
Let g(n) = -n + 8. Let i be g(6). Let d = 251 + -246. Suppose 27 = c - i*h, 0*c = d*c - 2*h - 167. What is the remainder when c is divided by 18?
17
Calculate the remainder when (-6)/(-63) - (11 + (-105412)/84) is divided by 29.
26
Let p(n) = -n**3 - 9*n**2 + 96*n + 697. What is the remainder when 517 is divided by p(-6)?
10
Let s = 8 - 17. Let q be 408/s - 5/(-15). What is the remainder when 61/3 + (-30)/q is divided by 13?
8
Suppose -29*j - 15*j + 5198 = 69*j. What is the remainder when 868 is divided by j?
40
Suppose k - 173 = -5*m, 24*m + 760 = 5*k + 28*m. What is the remainder when k is divided by 16?
4
Suppose 0 = k + 4*k - 765. Suppose 42311*w = 42349*w - 532. Calculate the remainder when k is divided by w.
13
Suppose -7*m = 5*i - 317, 14*m = 17*m - i - 161. Calculate the remainder when m is divided by 10*((-1)/(-2) + 0).
1
Let j(k) = k**2 + 16*k + 7. Let z be j(-16). Suppose 4*x - 27 = 2*i - z*i, x - i = 0. Suppose x*t - 75 + 15 = 0. Calculate the remainder when t is divided by 7.
6
What is the remainder when 428 is divided by (-56 - -9)/((-108)/132 - (-4)/(-22))?
5
Let o = 10 + -8. Suppose -2*k = -4*g + 3 + 9, o*g = 6. Suppose k = 4*l + 4*l - 1344. What is the remainder when l is divided by 34?
32
Suppose -4*j + 16 = 0, -3*n + 4*j = -0*j - 1151. Let r(a) = -48*a + 3853. What is the remainder when n is divided by r(80)?
12
Let t = 1299 - 241. Suppose t = -z + 1068. Calculate the remainder when 98 is divided by z.
8
Let i(b) = b**3 - 98*b**2 + 309*b - 3135. What is the remainder when i(97) is divided by 7?
6
Let p(z) be the first derivative of z**3/3 + 4*z**2 + 22*z - 25. What is the remainder when 72 is divided by p(-7)?
12
Suppose 5 = 28*z - 6*z - 985. What is the remainder when 88 is divided by z?
43
Suppose 0 = -8*y + 79 + 65. Suppose -70 = -5*c + 5*t - 5, c = 2*t + y. Calculate the remainder when 31 is divided by c.
7
What is the remainder when ((-3504)/1095)/(2/(-325)) is divided by 143?
91
Let k(g) = -248*g**2 + 31*g - 11. Let d be k(-22). What is the remainder when ((-3)/2)/(-3) + d/(-110) is divided by 50?
48
Calculate the remainder when 37 is divided by (-12 - -28)/(-64) + (3 - 49/(-4)).
7
Let y(x) = 3*x**3 - 8*x**2 + 10*x + 2. Let o(b) = 3*b**3 - 9*b**2 + 10*b + 4. Let f(g) = -2*o(g) + 3*y(g). What is the remainder when 428 is divided by f(2)?
14
Suppose -3*z + 55 = -74. Calculate the remainder when 4/2 + (z - (11 + -3)) is divided by 20.
17
Let a = 7450 - 7424. Calculate the remainder when 1051 is divided by a.
11
Let s(c) = -c - 5. Suppose -2*q = 2*r + 48, 5*q + 3*r + 94 = q. Let b be s(q). Let i(g) = g**2 - 14*g - 14. What is the remainder when i(b) is divided by 8?
5
Let a(f) = 234*f**2 - 10*f - 15. Let j be a(-5). Suppose -173 - j = -26*d. What is the remainder when d is divided by 39?
38
Let g(r) = -7*r**2 - 156*r + 49. What is the remainder when 734 is divided by g(-21)?
20
Suppose 3*v = -3*g + 297 - 0, -3*v + 3*g = -315. Let i = -59 + v. Calculate the remainder when i is divided by 15.
13
Let a(g) = 6*g**2 + 22*g**2 - 19*g**2 - 8*g + 12 + g**3. What is the remainder when a(-9) is divided by 17?
16
Let w be (17 + 343/(-21))*(-798)/(-4). Let m = -48 + w. What is the remainder when 188 is divided by m?
18
Let v(a) = -17*a**2 - 151*a + 26. Calculate the remainder when v(-7) is divided by 21.
19
Let q = -2894 + 3142. What is the remainder when q is divided by 25?
23
Suppose -24*x + 70192 = 20944. Calculate the remainder when 2064 is divided by x.
12
Suppose 4*t - 5 - 31 = 0. Calculate the remainder when (5 - -30)*(-2 - 3/(-1)) is divided by t.
8
Let o(i) = -103*i**3. Let k be o(-1). Let u be 10/(-6)*(1 - 102*(-13)/(-390)). Suppose -k = -u*b - 23. Calculate the remainder when b is divided by 7.
6
Let m(v) = -v**3 - 14*v**2 - 15*v - 28. Let n be m(-13). What is the remainder when ((n - -3) + 3)*(5 - -21) is d